(6 - 8))) + 4.
1
Evaluate (0 - (9 + -1)) + 9.
1
Calculate (-5 - -2) + (-23 - -28) - (-1 + 0).
3
Calculate -18 - ((9 - 5) + -8 - 1).
-13
Calculate 9 + -1 - 11 - -6 - (-9 - -2).
10
What is the value of 1 + -4 + (7 - (5 + 4))?
-5
What is 7 - -8 - (-11 - (-7 + 0 + 0))?
19
What is (0 - 0) + (92 - 104)?
-12
Calculate -7 + (10 - (4 + 10 - 6)).
-5
What is -20 - (-42 - (-2 - 3))?
17
What is 5 + (3 - 2) - 2 - (38 + -17)?
-17
Calculate 6 + (0 - 7) + 10.
9
-3 + -1 + 3 + (129 - 119) + 4
13
Evaluate 9 - (24 - (-3 + 18)).
0
What is 56 + -38 - (7 + 20)?
-9
0 - 0 - -11 - (51 - 61)
21
Evaluate 67 + -60 - (2 + 2).
3
(548 - 587) + (12 - -1)
-26
What is 26 + (15 - ((1 - -13) + 11))?
16
Calculate -4 - 1 - (58 + -20 + -44).
1
(0 - 11) + -9 + 14 + 1 - 2
-7
What is the value of -112 + 113 + (7 - 1) - 3?
4
Calculate 8 + -3 - ((0 - -6) + -4) - -28.
31
(-30 - -1 - -23) + (-4 - 2) + -17
-29
Calculate 13 + (-31 - -29 - (1 + (-1 - 1))).
12
-5 + (-2 + 13 - (-1 - -6 - -1))
0
What is the value of -260 + 279 - (21 - -1)?
-3
(-4 - (6 - 7 - 4)) + -2
-1
What is the value of -365 + 351 + (-7 - (5 - 3))?
-23
Evaluate 13 - (-3 + 2 + 132 + -144).
26
What is the value of (-2 - -4 - (-2 - 2)) + (44 - 51)?
-1
8 - -2 - (85 - 66)
-9
Evaluate (-3 - (-5 + 6)) + 4 + 0.
0
15 - (-28 - -21) - -3
25
What is (-158 - -165) + (2 - 3 - 38)?
-32
Evaluate 25 - (25 - (13 + 10)).
23
What is the value of -5 - (1 - (-1 + -7 - -3))?
-11
What is 27 + (2 + -1 + -1 - 6) - 7?
14
11 - (-2 + (-2 + -4 - 1) + 13)
7
-1 - 0 - (-45 - -55) - -8
-3
(23 - 15) + (0 + 7 - 9)
6
Calculate (-7 - -9 - 11 - -7) + -1 + 5.
2
(-13 + -11 + 4 - 3) + -1 + 7
-17
Evaluate -13 + (0 - -1) + (-16 - (-8 - 8)).
-12
What is the value of (-65 - -36) + 44 + -19?
-4
2 + -3 - 17 - -8
-10
What is -5 - (-2 + 3 - 13)?
7
-46 + 39 + 34 + -26
1
What is the value of (3 - (-5 - -21)) + 0 - (2 + 1)?
-16
Evaluate -8 + 9 + -14 + -7 - -3 - 1.
-18
Evaluate -10 - ((0 - (4 + 2)) + 8).
-12
Calculate -6 + 5 + -10 - (24 - 46).
11
Evaluate (-630 - -617) + -16 + 3.
-26
What is the value of 0 + 19 + 2 + -22 + 0 + -24?
-25
What is 7 + -1 + -4 + (-7 - -42)?
37
Calculate -91 + 108 + (3 - (2 + 0) - -1).
19
What is 9 - (-32 - -13) - 5?
23
What is 27 + -32 + 7 + -15?
-13
Calculate (-56 - -47) + 9 + (1 - 6).
-5
What is 11 + -18 + 10 - (-3 - (-11 + 4))?
-1
8 + (9 - 1) + -1 + 4 + -12
7
(6 - 5) + 0 - 2 - (-2 - 4)
5
Calculate (-23 - -15) + -14 - -2 - -3.
-17
What is the value of (-27 - (13 - 21)) + 20?
1
What is 12 + 0 + 6 + -3?
15
What is (-142 - -142) + (1 + -12 + 2 - -1)?
-8
Evaluate (-14 + -5 - -4) + 24.
9
Calculate (0 - -5) + -5 - (-76 - -92).
-16
What is -8 + (6 - -1) + -4 + 7?
2
What is the value of 89 - 77 - (29 + -2)?
-15
What is the value of 0 + (22 - 13 - (2 + (-2 - -3)))?
6
Calculate -36 + 21 + (-2 - (-10 - (-3 - 2))).
-12
(11 - (15 + 9)) + (30 - 0)
17
Calculate 42 + -32 + -23 + 0.
-13
-3 - (-4 + 3 - -10 - -10)
-22
Calculate 13 - (2 + 9 + -1) - (11 + 1).
-9
Evaluate 6 + 7 - 13 - (-4 + 0).
4
Evaluate -3 + -13 + -48 + 52.
-12
Evaluate (10 + -6 - (-7 - -13)) + (-1 - -9).
6
-5 + 22 + -36 + 5
-14
What is the value of -4 + -2 + 7 - 17?
-16
What is the value of ((17 - 7) + -17 - 32) + 10 + 9?
-20
Evaluate -6 - -1 - -9 - -6.
10
Calculate 5 + (-5 - -14) + -4.
10
(11 - 4) + 2 + (-14 - 3)
-8
(-26 - -8) + 35 + -12
5
3 + 19 + -14 + -2
6
What is the value of (37 - 50) + 17 - (38 - 1)?
-33
Calculate (-1 - 5 - -2) + (2 - 3).
-5
-1 + (0 - -4) + -23 + 6 + 3
-11
Evaluate (-18 - (-27 + 1)) + (2 - 33) + 8.
-15
-37 - -41 - (-2 + 4)
2
What is the value of (-9 + 8 - (4 + -4 - 7)) + 1?
7
What is the value of -1 + -5 + 3 - -3 - 5 - -17?
12
What is 6 - (28 + (-6 - 2 - -2)) - 3?
-19
What is the value of 5 + (-2 - 0) + (-32 - -18)?
-11
Evaluate 35 + (-3 + -7 - (29 + -22)).
18
Evaluate (-53 - -11) + 128 + -126 + (4 - 1).
-37
(7 + 0 - (-23 - (16 + -41))) + 0
5
Calculate -23 - (-1 - (1 + 6 + -17 + 8)).
-24
(1 - -11 - -22) + (-19 - -11)
26
What is the value of 31 - (-16 + (23 - -9))?
15
What is the value of 9 - 23 - (-3 - 1 - (-2 - -7))?
-5
Calculate -18 - -2 - (6 + -15).
-7
30 - -23 - (69 + -40)
24
16 - (12 - (-11 + 35 + -10))
18
What is the value of 6 - (-40 + 32 - -20)?
-6
Evaluate 4 - (6 - (7 + 0) - 0).
5
What is -9 + (0 + 1 - -9)?
1
-10 + 3 - 8 - -9
-6
What is 3 + (-7 - (-43 - -15))?
24
What is -31 - (-16 + 24 + 11 - 19)?
-31
What is the value of (-18 + 8 - -4 - -9) + -9?
-6
Calculate 8 + 11 - (-25 - -33).
11
(-7 - 4 - -19) + -31 + 10 + -13
-26
What is -2 + (6 - -5) - -18?
27
Evaluate (0 - 10) + 14 + -14.
-10
Calculate 31 + -18 + -10 - (0 + 1 + 1).
1
What is -17 - -21 - (-6 + -12 + 8)?
14
Calculate (0 + -2 - (-58 - -37)) + -19 + 14.
14
Evaluate 4 + -27 + (-2 - 2) + (4 - -3).
-20
-38 + -15 + (4 - -32)
-17
Calculate -86 + 25 - -31 - -20.
-10
What is -1 + 11 - 0 - ((-68 - 37) + 111)?
4
9 + -1 - (-30 + (33 - -4))
1
Evaluate (5 - (-5 + 17)) + -26 + -2.
-35
7 + -11 + 11 + (-1 - 4) + 25
27
(-10 - -19) + (-5 + 15 - -16 - 3)
32
Evaluate -18 - -12 - (0 - 13) - (6 + -2).
3
Evaluate -19 + -22 + (-22 - -44).
-19
(-6 - -14) + (3 - (9 + (-6 - 9)))
17
What is -4 + (-13 + 3 - -12)?
-2
Evaluate -198 + 194 - (0 + 1 + -20 + 2).
13
What is the value of 6 - (-7 - 0 - (42 - 21 - 19))?
15
What is -13 + 36 + -11 - (-5 - -3 - 0)?
14
-2 + 4 + -7 + 9 - -5
9
What is the value of 59 + -56 + 8 + -4?
7
-10 + 24 - (4 + 13)
-3
Evaluate 1 + (0 - -2) - 19.
-16
Calculate (-6 - (-12 - -4 - 16)) + -6.
12
What is the value of -3162 + 3146 + 5 + (0 + 1 - 1)?
-11
What is the value of -2 - (-4 + (2 - -9)) - (11 + -6)?
-14
What is (141 - 147) + (0 - -19)?
13
Calculate (2 - -12) + (-37 - -36).
13
What is -12 + (21 - 1) + -1 + -19?
-12
Calculate -2 + -26 + 17 - (2 + -3).
-10
What is the value of (6 - 6) + 6 + (-10 - (-20 - -11))?
5
What is the value of 4 - -4 - 5 - 12?
-9
What is the value of 128 + -131 + (-14 + 0 - -1)?
-16
What is 4 + -3 - (-15 - -10) - -1?
7
Evaluate 5 + 2 - (2 - 13 - (-3 - 12)).
3
Evaluate 11 + (-21 - -5) + 1.
-4
-14 - (-5 - (8 + -14)) - 20
-35
Calculate 3 - (15 - (-19 + 45)).
14
Calculate -38 + 5 + 41 - 11.
-3
-3 + -15 + 4 + 3 + 7 + -5
-9
What is (1 - -19) + -29 - -15?
6
Calculate (-14 - -19 - -1) + 1 + (-1 - 1).
5
-4 - ((-13 - -7 - -9) + -10 + 2)
1
(-12 - -3) + (-28 - -25)
-12
Evaluate -7 + 3 - (22 + -18 + (-2 - 6)).
0
-41 - -44 - (0 - (11 - -1))
15
What is 1 - (0 + 0 + -7 + 4)?
4
Calculate 100 + -98 - (3 + -8 + 3 - 3).
7
Evaluate 30 + -33 + (-2 + -2 - 1).
-8
(17 - (-35 - -13)) + (-19 - -14)
34
What is (-2 + 0 - -1) + (54 - 45 - -18)?
26
What is the value of -7 + (-2 - 16) - -46?
21
Evaluate (13 - (3 + 3 + -3)) + (-95 - -88).
3
What is the value of -14 + 2 + 10 + (14 - 17)?
-5
What is the value of 9 + (16 - -1) - (16 + -9)?
19
-44 + 51 + (-2 - -2)
7
(-7 - -4 - 2) + 10
5
What is -8 - -19 - (-25 + 44)?
-8
19 - (15 - (-22 - -24))
6
What is the value of 10 + (-6 - (-17 + 2) - 2)?
17
What is 7 + (-12 - -10 - (-3 - -5)) - -5?
8
What is the value of (-1 - (1 - (-42 - (-8 + -3)))) + 12?
-21
(-10 + 4 - 1) + -15 + 14 + 15
7
What is the value of 44 - (-31 + 52) - 20?
3
What is the value of 6 + ((8 - 14) + -4 - -1)?
-3
734 + -747 + (2 + -1 - -23)
11
Calculate 16 + -2 + (-10 - -10).
14
Calculate 4 - -15 - (3 - 11 - (-7 + 5)).
25
Calculate -15 + (15 - 11) + -3.
-14
What is -2 - 15 - ((-11 - -8) + 4) - -4?
-14
What is the value of -2 - 17 - (6 - (-13 - (8 + -23)))?
-23
Evaluate (1 - 7) + (-4 - 4 - -2).
-12
Evaluate -16 + 28 + -35 - (6 - 2).
-27
Calculate 3 - (-14 - (-17 + 10 + 4)).
14
Calculate (-13 + 6 - -3 - -1) + (-52 - -62).
7
What is -12 + 11 + 3 + -4 - 7?
-9
Evaluate (2 - (7 - 3)) + 1 + 0 + -11.
-12
What is the value of -21 + (3 + 1 - (-13 - 11 - -23))?
-16
What is the value of 6 - (11 + 2 + 5 + (0 - 21))?
9
696 + -703 + (4 - 0)
-3
What is (1 - -7 - 10) + 8 - 19?
-13
Evaluate 25 - (-12 + 1 + (16 + 15 - 9)).
14
What is the value of 7 + (0 - -2) - (13 - 4)?
0
Evaluate 14 + 1 + -19 + 1.
-3
What is the value of -11 - 0 - (59 - 52)?
-18
What is -1 + (22 + -10 + -6 - 1)?
4
Calculate 0 + 5 + 21 - (10 - 3 - 4).
23
-9 - ((0 - -13) + -25)
3
What is 6 + -5 + (-1 - 2) - -1 - -4?
3
What is -336 - -341 - (-2 + 2 + 8 + -1)?
-2
Calculate -8 + 10 + 0 - (1 + -7 + -15).
23
Evaluate (-31 - -34 - (-2 + 1 - 3)) + 9.
16
Evaluate -3 + 20 + -9 + (1 - 6) - 28.
-25
Calculate -3 - (-5 + 6 + (-5 - 0)).
1
Evaluate -7 - (3 + 17 + -17).
-10
Evaluate 